b*m + 4*s - 3 = -s, d*s - 4 = m. Calculate z(m).
4
Let o(y) = -y + 7. Suppose -2*d + 8 = 3*a, 2*d + 0*d + 20 = 4*a. Calculate o(a).
3
Let a(z) = -2*z**3 - 8*z**2 + 12*z + 3. Let m(r) = 3*r**3 + 12*r**2 - 18*r - 5. Let b(q) = -7*a(q) - 5*m(q). Give b(-5).
-1
Let c(g) = 4*g + 5*g**3 - 5*g**3 - 3*g**2 - g**3. Let k(y) = y**2 - 3*y + 3. Let s be k(3). Suppose -s*r + 1 = t + 11, -10 = 4*t - 3*r. Determine c(t).
0
Let a(y) = -4*y + 1. Let m = 20 - 17. Give a(m).
-11
Let c(p) = -5*p**2 - 2*p + 1. Let f(z) = -z**3 - 4*z**2 + 8*z + 16. Let b be f(-5). Determine c(b).
-6
Let f(q) = -q**2 + q + 5. Let g be f(0). Suppose y - 17 = g*w, 4*y = 2*y - w + 1. Let b = 3 - y. Let j(i) = i**2 + i. Calculate j(b).
2
Let k(g) = g**2 + 5*g. Let s be k(-5). Let p(h) = -7 + 3 - h + 2 + 0. Give p(s).
-2
Let c be 14/3 - 1/(-3). Let h be -3 - (-1 + 1) - 0. Let n(r) = -2*r**2 - 5*r + 7. Let v(p) = -p**2 - 3*p + 3. Let z(f) = c*v(f) + h*n(f). Give z(0).
-6
Let b(d) = d**3 - 8*d**2 + 7*d - 5. Let v = -102 - -109. Determine b(v).
-5
Let u = -2 + 6. Suppose -2*y + y = -u*p - 5, -2*y = -5*p - 10. Let r(f) = -f**2 + 4*f - 7. Let o(q) = q - 1. Let n(s) = 4*o(s) - r(s). Determine n(p).
3
Let p(q) = 7*q**3 - 7*q**2 + 8*q - 7. Let a(l) = -20*l**3 + 20*l**2 - 23*l + 20. Let m(t) = 6*a(t) + 17*p(t). Give m(2).
-7
Let j(h) = 11*h**2 + 25*h + 29. Let b(u) = 5*u**2 + 12*u + 14. Let w(l) = -9*b(l) + 4*j(l). Determine w(-7).
-3
Let z(f) = f. Let a(d) = d - 7. Let s(q) = -a(q) + 3*z(q). Suppose 6*v = 9*v + 18. Give s(v).
-5
Let m be ((-12)/9 + 1)*-6. Let c(l) be the third derivative of -1/2*l**3 + 0*l + l**m + 0*l**4 + 1/120*l**6 + 1/15*l**5 + 0. Give c(-4).
-3
Let y(v) = 0*v**2 + 4*v + 3 - 2*v**2 - 2*v**2 + 5*v**2. Suppose -5*b - 100 = 7*u - 2*u, -u - 41 = 2*b. Let d be 36/b - (-4)/(-14). Calculate y(d).
-1
Let w(j) be the second derivative of 7*j**6/120 + j**5/30 - j**4/24 - j**2 - j. Let t(v) be the first derivative of w(v). What is t(1)?
8
Suppose 5*g - 13 = -2*v, 4*g - 4 + 0 = 0. Let z(y) = 4*y - 21. Let b be z(6). Let o(n) = -v*n - 2 + 2*n + 5 + n**b - 2*n**2. Determine o(3).
6
Let o(j) = j**2. Suppose 4 + 16 = -5*v. Let b = v - -3. Let k = 0 + b. Give o(k).
1
Let n(h) = h - 4. Let a be n(-4). Let s(c) = c**2 + 8*c + 5. Give s(a).
5
Let g = 8 + 0. Let w(b) = b**3 - 9*b**2 + 9*b - 9. Give w(g).
-1
Let f(g) = g**3 - 7*g**2 - 9*g + 10. Let r = -7 - -15. Let q be f(r). Let z(t) = -t - 9. Let y(h) = 1. Let b(u) = -36*y(u) - 4*z(u). Determine b(q).
8
Suppose -5*t = 4*s - 5 - 4, -5*s - 40 = -4*t. Let r(z) = -5*z. Calculate r(s).
20
Let s = 11 + -16. Let p be 7 + (-5)/(s/(-2)). Let x(y) = -p - 2*y + 5. Determine x(-3).
6
Let z = 17 - 11. Let f(u) be the third derivative of 5/24*u**4 + 1/6*u**3 + 1/12*u**5 + 1/120*u**z + 0 + 0*u - 2*u**2. What is f(-4)?
-3
Let p(u) be the first derivative of u**4/12 + u**3 + 5*u**2/2 - u - 1. Let f(i) be the first derivative of p(i). Let n = 15 + -20. Determine f(n).
0
Let v be (-6 - -3 - -4) + -2. Let r(f) = -3*f**2 + 2*f + 1. Calculate r(v).
-4
Let y(h) be the second derivative of -3*h - 1/6*h**3 + 0*h**2 + 0. Calculate y(-7).
7
Let h(t) be the second derivative of -t**4/4 - t**3/2 + 2*t**2 + 5*t. Give h(-3).
-14
Let s(d) be the second derivative of 0*d**2 - 1/20*d**5 - d**3 + 2*d + 1/2*d**4 + 0. Let j = -2 - -6. What is s(j)?
8
Let p(o) = o**2 + 6*o - 1. Let t be p(-6). Let w(v) = -3*v**3 - v**2 + v + 1. Give w(t).
2
Let v(n) = -1. Let s(q) = q + 8. Let c(a) = s(a) + 5*v(a). Calculate c(3).
6
Let x(p) = 117 - 2*p**2 - 114 + p**2. Let a be (2/4)/((-1)/6). Give x(a).
-6
Let q(p) = -p**2 - 2*p + 3. Let m = -56 + 53. Give q(m).
0
Let g(h) = 2*h**2 - 3*h - 4. Let m = 27 + -24. Calculate g(m).
5
Let x(s) be the third derivative of 0*s - 1/24*s**4 + 0 - 2*s**2 + 1/3*s**3. Let m be (5/1)/(-1*1). Calculate x(m).
7
Suppose -6 = 3*x + 3. Let v(j) be the third derivative of j**7/840 + j**6/120 - j**5/120 + j**3/2 - j**2. Let n(y) be the first derivative of v(y). Give n(x).
3
Let u(p) = -2*p - 7. Let o be (9/(-6))/(-3)*-12. Let r = 1 + o. Determine u(r).
3
Let n(t) = -3*t**2 + t - 2. Let j(x) = 8*x**2 - 4*x + 7. Let k(v) = -4*j(v) - 11*n(v). Give k(-5).
-6
Let p(r) = -r**3 - 2*r**2 - r. Let s(w) = -w + 3. Let g be s(6). Give p(g).
12
Let i = 35 + -32. Let j(y) = 3*y**2 - 6*y**2 + 2 - 1 + 5*y + 2*y**2. Give j(i).
7
Let q(y) be the second derivative of y**3/6 + 5*y**2/2 + 9*y. Calculate q(5).
10
Let m(o) = -o**3 + o**2 - o - 2. Let z = -4 + 9. Let i = 9 + -4. Suppose -i*u = -3*f - 2*u + 3, 5*f = -5*u - z. Determine m(f).
-2
Let h(s) = s**2 + 4*s - 2. Let j be 330/(-75) + (-6)/10. What is h(j)?
3
Let t(o) = -1 - 6 + 3 + o**2. Let c(s) = 7*s**2 + 12*s - 14. Let k(v) = -3*v**2 - 6*v + 7. Let u(z) = -2*c(z) - 5*k(z). Let x be u(-7). Calculate t(x).
-4
Let k(c) = 0*c + 2*c + 4*c**3 + 2*c - 5*c + 2*c**2. Give k(1).
5
Let o be 2/(-3) - 2/(-3). Let n(m) = m**3 + 17*m**2 - 19*m - 16. Let w be n(-18). Let v(z) = -w*z - 2*z - 6 + o*z. What is v(-4)?
10
Suppose 0 = -d + 3*d - 6. Suppose 0 = h - 17 - 11. Let l(p) = h*p - 54*p + 27*p - 1. Calculate l(d).
2
Suppose 39 = 4*y - 1. Suppose 0 = c - 3*c + y. Let l(v) = 0 - c - 1 - v. Determine l(-5).
-1
Let l(v) = -v**3 - 4*v**2 - 3*v. Suppose -4*b = -7*b. Suppose 3*i + 2*p + 20 = 0, b*i + 3*p + 28 = -4*i. Determine l(i).
12
Let b(p) be the second derivative of p**5/20 + p**4/4 - p**3/2 + p**2/2 + p. Suppose 2*c + 20 = 6*c. Suppose 0 = -c*u + 4*u - 4. Calculate b(u).
-3
Let s(k) be the third derivative of k**5/60 - k**4/6 - k**3/3 - k**2. Suppose -3*d + 0 = 6. Let v = 3 - d. Give s(v).
3
Let r(t) = -2*t - 3. Let g(n) = n - 9. Let o be g(11). Let h be (0 + o)*5/(-2). What is r(h)?
7
Let c(k) = -4 + 3 - 10*k + 14*k - 11*k - k**2. Let b be (-9)/(-2)*(-3 + 5). Suppose -6*y + 3*y = b. Determine c(y).
11
Let k(c) be the second derivative of c**3/3 + 29*c. What is k(1)?
2
Suppose -4*p = -4*y - 32, 17 = 5*p - p + y. Let x(f) = f**3 - 4*f**2 - 7*f - 2. Give x(p).
-12
Let a(f) = -f**3 + 7*f**2 - 8*f + 1. Let x(k) = -6*k - 12. Let w be x(-3). Give a(w).
-11
Suppose 4*x = 2*z - 3 + 23, 5*x - 7 = -2*z. Let h be (-1 + -3)*(x + -2). Let r(n) = 8 + 2*n + 2 - 7. What is r(h)?
-5
Let g(y) = y**3 + 6*y**2 + y + 11. Let k(o) = 5*o**3 + 30*o**2 + 4*o + 56. Let p(s) = 11*g(s) - 2*k(s). Determine p(-6).
-9
Let f(b) be the third derivative of 1/60*b**5 - 1/6*b**3 + 0*b + 1/8*b**4 + 0 + b**2. Let r = 4 - 7. Determine f(r).
-1
Let y be (-2 - (-10)/6)*15. Let n be 1*(2 + -4) - -4. Let d(x) = 0*x + 1 + n + x. Calculate d(y).
-2
Let y(r) = r**2 - 5*r + 1 + 0 + 5. Let w(h) be the second derivative of -h**3/6 + 5*h**2/2 - h. Let z be w(0). Calculate y(z).
6
Let z(v) = 3 + 4*v - 4*v + 4*v - 5*v. Suppose 3*u = 5*l - 17 - 6, 0 = -2*u - l + 2. Let i be (3/(-2))/(u/2). What is z(i)?
0
Let c(t) = -4*t - 3. Let a(p) = -1 + p**3 + 0*p**2 + 4*p**2 - 3*p**2 - p - 2*p**3. Let z be a(0). Let d = -2 + z. What is c(d)?
9
Let x = 7 - 2. Let y(k) = 7*k - 12. Let b(i) = i - 1. Let l(r) = 6*b(r) - y(r). What is l(x)?
1
Let y(c) = -c**2 - 2*c**2 + 0*c**2 + 1 - c**2. Suppose t = 3*t. Let d be 2/(-2) - (t + 0). Calculate y(d).
-3
Let z(v) = 11*v**2 - 4*v - 2. Let s(f) = 17*f**2 - 6*f - 3. Let x(d) = -5*s(d) + 8*z(d). Suppose -4*i + u = -6*i - 5, -4*i + 5*u + 11 = 0. What is x(i)?
4
Let q(a) = a**2 + 4*a + 2. Let g be 1/(-1)*-5*1. Suppose l - 8 = -0*l - c, g*l = -2*c + 31. Let n = -8 + l. Determine q(n).
-1
Let l(a) = 2*a + 1. Suppose y - 54 = -4*k - y, -3*k + 5*y + 34 = 0. Let d = 18 - k. Give l(d).
11
Let s(a) = -a**3 - 1. Let t(o) = 3*o**3 + 2*o**2 + o + 4. Let d(x) = 4*s(x) + t(x). Let q be ((-12)/8)/(3/(-6)). What is d(q)?
-6
Let o(i) = -2*i - 3. Let c(a) = -a + 6*a - a - 2*a + 2. Let u(g) = g + 1. Let j(f) = 4*c(f) - 7*u(f). Let d(v) = 6*j(v) + 2*o(v). Determine d(2).
4
Let n(l) = 8*l + 1. Let f(z) = 3*z + 1. Let m be f(2). Suppose 3*c - 2*s - 1 = -0, 3*s = -4*c + m. What is n(c)?
9
Let d(l) = -7*l**2 + 9*l - 13. Let g(t) = 11*t**2 - 13*t + 20. Let m(u) = -8*d(u) - 5*g(u). Give m(4).
-8
Let r(y) be the second derivative of -y**5/20 + 2*y**4/3 + 5*y**3/3 - 5*y**2 - 38*y. Determine r(9).
-1
Let q(u) = -u**3 + 7*u**2 - 7*u + 8. Let x be q(6). Let f be ((-6)/(-4))/((-6)/(-8)). Let p(s) = -3 + s**f - s**x + 3*s + s**2. What is p(2)?
7
Let x(y) = 2*y - 3*y + 6 + 4*y - 2*y. Let i(a) = -a +